st common divisor of 72 and 13053954.
6
What is the greatest common divisor of 65 and 12454559?
13
What is the greatest common divisor of 2011745741 and 643?
643
Calculate the highest common divisor of 1248 and 105973920.
1248
Calculate the greatest common factor of 173927065 and 5655.
1885
What is the highest common factor of 282627 and 54126?
279
Calculate the highest common factor of 1133 and 5820839.
103
What is the highest common factor of 90 and 211937535?
45
Calculate the highest common factor of 23656448 and 320.
64
What is the highest common factor of 4392 and 19651455?
549
What is the greatest common divisor of 544 and 370906?
34
Calculate the greatest common divisor of 128 and 69457296.
16
What is the greatest common divisor of 587912 and 17888?
104
Calculate the highest common divisor of 3590169 and 255.
3
Calculate the highest common factor of 63658 and 119.
7
Calculate the highest common factor of 2172 and 8916960.
12
Calculate the highest common factor of 7 and 874825.
7
What is the highest common factor of 930 and 22851030?
930
Calculate the highest common divisor of 13575 and 29031495.
2715
Calculate the greatest common factor of 43008 and 27670272.
5376
What is the highest common factor of 4469654 and 22624?
1414
What is the greatest common divisor of 16977509 and 426187?
6361
Calculate the greatest common divisor of 1081100 and 24575.
25
Calculate the highest common divisor of 416708 and 58976.
76
Calculate the greatest common divisor of 15216 and 215568.
48
Calculate the highest common divisor of 1207 and 1172966.
17
What is the highest common factor of 5592914 and 101132?
262
Calculate the greatest common factor of 535 and 116770.
5
Calculate the highest common factor of 148 and 19629314.
74
Calculate the greatest common factor of 45 and 205797555.
45
What is the greatest common divisor of 80 and 3397780?
20
Calculate the greatest common divisor of 284815042 and 1054.
1054
Calculate the highest common divisor of 1824 and 8506528.
608
What is the greatest common factor of 1105518 and 174708?
138
Calculate the greatest common factor of 2503465 and 30.
5
Calculate the greatest common divisor of 3604 and 48615257.
901
Calculate the greatest common factor of 330 and 39462870.
30
Calculate the greatest common factor of 93034 and 43690.
514
What is the greatest common divisor of 32665479 and 1353?
1353
Calculate the greatest common factor of 9128 and 300916.
28
Calculate the greatest common divisor of 62553915 and 900.
45
Calculate the highest common factor of 7 and 4933351.
1
Calculate the greatest common factor of 14223 and 978801.
1293
What is the highest common factor of 15480 and 200990385?
1935
Calculate the highest common factor of 637 and 17806061.
637
What is the highest common factor of 387838 and 15433?
671
What is the greatest common divisor of 307477350 and 842?
842
What is the highest common divisor of 82249 and 1412?
353
What is the greatest common factor of 2003760 and 69400?
40
What is the highest common factor of 2105 and 1088420?
5
What is the highest common factor of 120 and 334047510?
30
What is the greatest common divisor of 23 and 54068814?
23
What is the greatest common factor of 4 and 3914329?
1
What is the greatest common divisor of 6398 and 91497?
7
Calculate the greatest common divisor of 49910 and 181510.
70
What is the greatest common factor of 31 and 601376?
1
What is the highest common divisor of 102 and 11322636?
6
Calculate the highest common divisor of 9 and 284269.
1
Calculate the highest common factor of 38884840 and 205.
5
What is the highest common factor of 5 and 34956480?
5
Calculate the highest common factor of 602704 and 8257712.
2224
Calculate the greatest common divisor of 48051117 and 1242.
621
Calculate the highest common divisor of 224 and 12733658.
14
Calculate the greatest common divisor of 67729 and 9167.
89
Calculate the highest common factor of 41936 and 4624.
16
Calculate the greatest common divisor of 8 and 257944.
8
Calculate the greatest common divisor of 2707050 and 2400.
150
Calculate the greatest common divisor of 224 and 185084320.
32
Calculate the greatest common divisor of 1135031592 and 24.
24
Calculate the highest common divisor of 193748997 and 39.
39
What is the greatest common divisor of 24915 and 282142443?
4983
What is the highest common factor of 5193625 and 1?
1
What is the highest common factor of 82752 and 220792?
8
What is the greatest common divisor of 426212 and 748388?
3356
What is the highest common divisor of 435732 and 24750?
66
What is the highest common factor of 4469427 and 31329?
531
Calculate the highest common divisor of 403 and 29995290.
403
Calculate the greatest common factor of 260 and 17399148.
52
What is the greatest common factor of 292 and 10626028?
4
Calculate the greatest common factor of 11619177 and 1479.
51
Calculate the highest common divisor of 1718885 and 6895.
35
What is the highest common divisor of 3457924 and 19462?
526
What is the highest common divisor of 30206 and 12881486?
2746
Calculate the highest common divisor of 48887522 and 807.
269
What is the highest common factor of 316 and 562922084?
316
Calculate the greatest common divisor of 5698 and 1576274.
518
What is the greatest common divisor of 2208 and 10241256?
552
What is the highest common divisor of 57818775 and 15?
15
Calculate the greatest common factor of 940302537 and 345.
69
What is the highest common divisor of 1136 and 3627390?
142
Calculate the greatest common divisor of 44536766 and 4.
2
Calculate the greatest common divisor of 69228 and 13608.
108
What is the highest common factor of 722 and 4023621526?
722
Calculate the highest common divisor of 187793475 and 34.
17
Calculate the highest common factor of 1425615 and 3792230.
4705
What is the highest common divisor of 27131 and 17979?
13
What is the greatest common factor of 934766778 and 1308?
654
What is the highest common factor of 13 and 1174071392?
13
Calculate the greatest common factor of 288 and 5923488.
96
What is the greatest common factor of 4720 and 223260?
20
What is the greatest common divisor of 63918 and 53868?
402
What is the greatest common divisor of 162685 and 40?
5
Calculate the highest common factor of 1884411 and 1593.
27
What is the greatest common factor of 296 and 756724?
148
What is the highest common divisor of 24567400 and 1001?
143
Calculate the highest common divisor of 84352 and 44864.
64
What is the highest common divisor of 156 and 5440760?
52
Calculate the greatest common factor of 2375282 and 702.
26
Calculate the greatest common divisor of 1450 and 326535650.
1450
What is the greatest common factor of 1230906 and 42?
6
Calculate the highest common factor of 274390691 and 586.
293
What is the greatest common factor of 5973868 and 54162?
2006
Calculate the greatest common factor of 162960910 and 140.
70
What is the greatest common divisor of 126367700 and 500?
100
What is the highest common factor of 145 and 3668645?
145
Calculate the greatest common factor of 31857 and 21222789.
861
What is the highest common divisor of 38 and 282639934?
38
What is the highest common factor of 9632073 and 4686?
2343
Calculate the greatest common factor of 41112 and 35936456.
4568
Calculate the greatest common factor of 64048 and 4520.
8
Calculate the highest common factor of 273 and 37477479.
39
What is the greatest common divisor of 34326281 and 359839?
5899
What is the highest common factor of 76450 and 1720820?
1390
Calculate the greatest common divisor of 46169 and 435741.
337
What is the highest common divisor of 64836 and 671773?
1801
Calculate the greatest common divisor of 5067 and 338363.
563
Calculate the greatest common divisor of 230579 and 116.
29
What is the greatest common divisor of 83619720 and 300?
60
Calculate the greatest common divisor of 35 and 143101315.
35
What is the greatest common factor of 508360 and 1329970?
1790
Calculate the highest common divisor of 1093187 and 10591.
89
Calculate the greatest common factor of 1862487 and 1485.
297
Calculate the greatest common divisor of 225660 and 12960.
60
Calculate the highest common factor of 896 and 129745.
7
What is the highest common factor of 94926990 and 120?
30
What is the greatest common factor of 16441